 remainder when 438 is divided by 7.
4
Calculate the remainder when 3053 is divided by 32.
13
Calculate the remainder when 227 is divided by 31.
10
What is the remainder when 448 is divided by 50?
48
Calculate the remainder when 238 is divided by 4.
2
Calculate the remainder when 4339 is divided by 35.
34
Calculate the remainder when 164 is divided by 12.
8
Calculate the remainder when 84 is divided by 29.
26
What is the remainder when 690 is divided by 100?
90
Calculate the remainder when 5387 is divided by 216.
203
Calculate the remainder when 170 is divided by 43.
41
Calculate the remainder when 259 is divided by 20.
19
What is the remainder when 66 is divided by 54?
12
What is the remainder when 65 is divided by 33?
32
Calculate the remainder when 2708 is divided by 29.
11
What is the remainder when 457 is divided by 56?
9
Calculate the remainder when 282 is divided by 46.
6
Calculate the remainder when 259 is divided by 66.
61
What is the remainder when 766 is divided by 30?
16
What is the remainder when 55 is divided by 28?
27
What is the remainder when 429 is divided by 16?
13
Calculate the remainder when 3307 is divided by 330.
7
Calculate the remainder when 14 is divided by 6.
2
What is the remainder when 447 is divided by 16?
15
Calculate the remainder when 32 is divided by 18.
14
Calculate the remainder when 230 is divided by 188.
42
Calculate the remainder when 32 is divided by 18.
14
Calculate the remainder when 9153 is divided by 14.
11
Calculate the remainder when 448 is divided by 228.
220
Calculate the remainder when 653 is divided by 12.
5
What is the remainder when 2399 is divided by 15?
14
Calculate the remainder when 15 is divided by 9.
6
What is the remainder when 464 is divided by 117?
113
Calculate the remainder when 1070 is divided by 25.
20
Calculate the remainder when 1784 is divided by 4.
0
Calculate the remainder when 439 is divided by 11.
10
Calculate the remainder when 29 is divided by 21.
8
What is the remainder when 463 is divided by 93?
91
What is the remainder when 2117 is divided by 28?
17
Calculate the remainder when 1597 is divided by 13.
11
Calculate the remainder when 141 is divided by 9.
6
Calculate the remainder when 1828 is divided by 30.
28
What is the remainder when 721 is divided by 22?
17
What is the remainder when 2495 is divided by 104?
103
Calculate the remainder when 146 is divided by 79.
67
What is the remainder when 65 is divided by 8?
1
What is the remainder when 4410 is divided by 26?
16
Calculate the remainder when 217 is divided by 44.
41
Calculate the remainder when 25736 is divided by 422.
416
What is the remainder when 2938 is divided by 295?
283
What is the remainder when 336 is divided by 15?
6
What is the remainder when 397 is divided by 82?
69
What is the remainder when 103 is divided by 5?
3
Calculate the remainder when 632 is divided by 31.
12
What is the remainder when 221 is divided by 71?
8
Calculate the remainder when 936 is divided by 37.
11
What is the remainder when 130 is divided by 69?
61
What is the remainder when 108 is divided by 58?
50
Calculate the remainder when 410 is divided by 169.
72
Calculate the remainder when 42 is divided by 33.
9
What is the remainder when 154 is divided by 48?
10
Calculate the remainder when 533 is divided by 57.
20
What is the remainder when 526 is divided by 249?
28
Calculate the remainder when 1523 is divided by 109.
106
What is the remainder when 139 is divided by 28?
27
What is the remainder when 739 is divided by 37?
36
What is the remainder when 288 is divided by 150?
138
What is the remainder when 5128 is divided by 5?
3
What is the remainder when 682 is divided by 44?
22
Calculate the remainder when 1423 is divided by 707.
9
What is the remainder when 342 is divided by 127?
88
Calculate the remainder when 72 is divided by 35.
2
Calculate the remainder when 11 is divided by 4.
3
Calculate the remainder when 261 is divided by 4.
1
What is the remainder when 401 is divided by 45?
41
What is the remainder when 673 is divided by 26?
23
What is the remainder when 1173 is divided by 210?
123
Calculate the remainder when 828 is divided by 64.
60
What is the remainder when 1377 is divided by 106?
105
What is the remainder when 50940 is divided by 121?
120
Calculate the remainder when 345 is divided by 112.
9
Calculate the remainder when 136 is divided by 37.
25
What is the remainder when 608 is divided by 199?
11
Calculate the remainder when 3069 is divided by 12.
9
Calculate the remainder when 1321 is divided by 80.
41
What is the remainder when 2825 is divided by 28?
25
Calculate the remainder when 203 is divided by 51.
50
What is the remainder when 373 is divided by 351?
22
What is the remainder when 519 is divided by 10?
9
Calculate the remainder when 1151 is divided by 20.
11
Calculate the remainder when 4125 is divided by 24.
21
Calculate the remainder when 5197 is divided by 10.
7
What is the remainder when 730 is divided by 89?
18
Calculate the remainder when 305 is divided by 34.
33
What is the remainder when 294 is divided by 97?
3
Calculate the remainder when 110 is divided by 51.
8
Calculate the remainder when 346 is divided by 93.
67
What is the remainder when 5897 is divided by 1474?
1
Calculate the remainder when 520 is divided by 494.
26
Calculate the remainder when 2507 is divided by 19.
18
Calculate the remainder when 881 is divided by 3.
2
Calculate the remainder when 31 is divided by 5.
1
What is the remainder when 273 is divided by 135?
3
Calculate the remainder when 37 is divided by 10.
7
Calculate the remainder when 657 is divided by 14.
13
Calculate the remainder when 279 is divided by 92.
3
What is the remainder when 249 is divided by 18?
15
Calculate the remainder when 32 is divided by 7.
4
Calculate the remainder when 227 is divided by 33.
29
Calculate the remainder when 1990 is divided by 34.
18
What is the remainder when 74 is divided by 74?
0
What is the remainder when 746 is divided by 83?
82
Calculate the remainder when 128765 is divided by 64.
61
What is the remainder when 115 is divided by 46?
23
What is the remainder when 1448 is divided by 11?
7
Calculate the remainder when 129 is divided by 19.
15
What is the remainder when 806 is divided by 54?
50
Calculate the remainder when 504 is divided by 22.
20
Calculate the remainder when 7389 is divided by 10.
9
Calculate the remainder when 426 is divided by 54.
48
What is the remainder when 76 is divided by 28?
20
Calculate the remainder when 918 is divided by 44.
38
Calculate the remainder when 895 is divided by 32.
31
Calculate the remainder when 3100 is divided by 13.
6
What is the remainder when 770 is divided by 380?
10
Calculate the remainder when 78 is divided by 68.
10
What is the remainder when 592 is divided by 9?
7
Calculate the remainder when 93 is divided by 15.
3
What is the remainder when 470 is divided by 92?
10
Calculate the remainder when 1294 is divided by 35.
34
Calculate the remainder when 3737 is divided by 55.
52
Calculate the remainder when 676 is divided by 332.
12
Calculate the remainder when 262 is divided by 38.
34
Calculate the remainder when 91 is divided by 38.
15
What is the remainder when 4350 is divided by 18?
12
What is the remainder when 1215 is divided by 32?
31
Calculate the remainder when 896 is divided by 26.
12
Calculate the remainder when 477 is divided by 58.
13
Calculate the remainder when 3374 is divided by 1680.
14
What is the remainder when 1207 is divided by 8?
7
Calculate the remainder when 271 is divided by 144.
127
Calculate the remainder when 12262 is divided by 292.
290
Calculate the remainder when 113 is divided by 86.
27
Calculate the remainder when 358 is divided by 101.
55
Calculate the remainder when 346 is divided by 20.
6
What is the remainder when 1638 is divided by 149?
148
Calculate the remainder when 376 is divided by 147.
82
Calculate the remainder when 5568 is divided by 22.
2
Calculate the remainder when 33 is divided by 7.
5
Calculate the remainder when 55 is divided by 17.
4
Calculate the remainder when 144 is divided by 140.
4
Calculate the remainder when 113 is divided by 8.
1
Calculate the remainder when 580 is divided by 163.
91
What is the remainder when 139 is divided by 28?
27
W